 + 146. What is a(-48)?
2
Let k(h) = 804*h + 5638. Determine k(-7).
10
Let p(n) = -2*n**3 + 10*n**2 - 5*n + 2. Give p(7).
-229
Let j(d) = -77*d + 1889. Give j(25).
-36
Let f(w) = -26*w + 228. What is f(9)?
-6
Let z(a) = 17*a + 192. Calculate z(-11).
5
Let g(q) = 11*q**2 - 194*q - 32. What is g(16)?
-320
Let a(m) = -52*m - 929. Determine a(-18).
7
Let y(z) = -4*z**3 - 25*z**2 + 6*z + 25. Determine y(-6).
-47
Let s(b) = -b**3 - 4*b**2 + 69*b + 344. Determine s(-6).
2
Let w(r) = -r**3 + 4*r**2 + 10*r + 14. Calculate w(6).
2
Let b(t) = -t**3 - 27*t**2 - 30*t + 141. What is b(-26)?
245
Let l(m) = -136*m - 5986. Give l(-44).
-2
Let c(g) = 4*g**2 - 320*g - 2204. Determine c(-7).
232
Let s(l) = 219*l + 4604. Determine s(-21).
5
Let l(a) = 2*a**3 - 28*a**2 + 79*a + 21. What is l(10)?
11
Let d(t) = -t**2 + 77*t + 698. Determine d(-8).
18
Let s(a) = 4*a**3 + 57*a**2 - 53*a - 127. Give s(-15).
-7
Let o(s) = 145*s + 22046. What is o(-152)?
6
Let u(d) = 3544*d - 3550. Give u(1).
-6
Let j(a) = 315*a + 2845. Give j(-9).
10
Let f(p) = -4*p**2 + 130*p + 499. Determine f(36).
-5
Let h(c) = -6*c**3 - 5*c**2 - c - 3. What is h(2)?
-73
Let t(d) = 311*d + 5865. Calculate t(-19).
-44
Let o(t) = 419*t + 4719. What is o(-11)?
110
Let l(v) = -v**2 + 24*v - 126. Give l(5).
-31
Let j(b) = 174*b - 2607. What is j(15)?
3
Let d(m) = -39*m - 1284. Give d(-27).
-231
Let z(h) = 8*h**2 + 708*h + 79. Calculate z(-88).
-273
Let r(q) = -q**3 - 27*q**2 - 2*q - 39. What is r(-27)?
15
Let b(x) = x**2 - 418*x - 420. Determine b(-1).
-1
Let d(b) = 58*b**2 + 1566*b + 27. Give d(-27).
27
Let j(v) = -v**3 + 12*v**2 - 38*v - 2. Determine j(6).
-14
Let u(n) = 38*n**3 + n**2 - 3*n - 2. What is u(-1)?
-36
Let a(h) = 2*h**3 - 42*h**2 + 24*h - 32. Calculate a(21).
472
Let a(m) = -3*m - 29. What is a(-17)?
22
Let t(w) = -67*w - 337. Calculate t(-14).
601
Let m(c) = -332*c - 1694. Calculate m(-5).
-34
Let z(j) = 4797*j + 33566. What is z(-7)?
-13
Let o(h) = -9*h**2 - 31*h + 23. Determine o(-4).
3
Let w(z) = 67*z**2 + 16*z - 7. What is w(2)?
293
Let p(j) = -j**2 + 1689*j + 27292. Determine p(-16).
12
Let f(m) = -m**3 - 13*m**2 - 42*m - 23. Determine f(-8).
-7
Let l(s) = -s**3 - 21*s**2 - 94*s - 155. Determine l(-16).
69
Let n(t) = -5*t**2 - 16*t + 18. What is n(-7)?
-115
Let t(o) = -o**3 + 21*o**2 + 39*o + 72. What is t(23)?
-89
Let h(w) = w**3 - 18*w**2 + 3*w - 18. Calculate h(18).
36
Let i(u) = 15*u**2 - 81*u + 8. Give i(5).
-22
Let j(t) = t**2 - 188*t + 1085. What is j(6)?
-7
Let g(m) = 11955*m + 131513. Determine g(-11).
8
Let v(i) = -2*i**2 + 53*i - 16. What is v(26)?
10
Let q(m) = m**3 - 7*m**2 + 6*m - 27. Determine q(6).
-27
Let j(g) = 151*g - 1362. What is j(6)?
-456
Let h(x) = 36*x - 697. Calculate h(20).
23
Let v(c) = -c**3 + 26*c**2 + 802*c + 1202. Determine v(-17).
-5
Let d(v) = 97*v + 184. Give d(-4).
-204
Let u(f) = 33*f**2 - 162*f + 2. What is u(5)?
17
Let w(l) = 110*l - 2670. Give w(24).
-30
Let r(u) = u**2 + 16*u - 14. Calculate r(9).
211
Let g(j) = 289*j - 831. What is g(3)?
36
Let s(y) = -6*y**3 + 2*y**2 + 3*y - 19. What is s(-3)?
152
Let q(c) = 7*c**2 - 5*c + 5. Give q(4).
97
Let a(y) = 820*y - 21319. What is a(26)?
1
Let n(x) = -77*x + 61. What is n(3)?
-170
Let u(a) = -a**3 + 34*a**2 - 109*a + 497. Calculate u(31).
1
Let h(u) = -2*u**3 + 7*u + 2. Give h(-4).
102
Let o(m) = -3*m**3 - 3*m**2 + 24*m - 17. Give o(4).
-161
Let h(b) = -3*b**2 - 43*b - 3. Give h(-15).
-33
Let i(x) = x**2 - 98*x + 578. Give i(6).
26
Let c(b) = 8*b**2 + 372*b + 1450. Give c(-4).
90
Let i(m) = -889*m - 142236. What is i(-160)?
4
Let l(w) = -w**3 + 6*w**2 - 2*w + 43. Give l(6).
31
Let c(m) = 94*m - 2169. Determine c(23).
-7
Let a(r) = 8*r**3 - 4*r - 1. Determine a(2).
55
Let b(k) = -k**2 - 33*k - 18. What is b(-35)?
-88
Let m(r) = 4*r**2 - 20*r - 8. What is m(4)?
-24
Let l(t) = t**3 + 57*t**2 - 904*t - 77. Calculate l(13).
1
Let b(z) = -z**3 - 94*z**2 - 610*z - 102. Calculate b(-87).
-15
Let x(y) = 2*y**3 - 19*y**2 - 98*y - 22. Determine x(-6).
-550
Let l(f) = 2*f**2 - 123*f + 804. Give l(54).
-6
Let l(i) = -189*i - 2779. Calculate l(-15).
56
Let z(g) = -g**2 - 51*g + 755. Give z(12).
-1
Let p(j) = -2*j**3 + 37*j**2 - 17*j - 12. Give p(18).
6
Let x(d) = -d**3 - 8*d**2 + 5*d + 10. What is x(-7)?
-74
Let j(n) = -n**3 + 14*n**2 - 2*n - 15. Calculate j(14).
-43
Let b(s) = s**2 + 29*s + 55. Determine b(-19).
-135
Let r(l) = 62*l**2 - 246*l - 15. What is r(4)?
-7
Let y(c) = 15*c**3 - 117*c**2 - 27*c + 22. Determine y(8).
-2
Let m(j) = 9*j**2 - 758*j + 4225. Determine m(6).
1
Let a(q) = 9*q**2 + 216*q - 66. What is a(-22)?
-462
Let y(p) = -p**3 + 29*p**2 + 34*p - 97. Determine y(30).
23
Let d(b) = b**2 + 115*b + 3103. Calculate d(-71).
-21
Let j(p) = -2*p**2 + 36*p + 290. What is j(-14)?
-606
Let b(x) = 8*x**2 + 59*x. What is b(-6)?
-66
Let w(z) = -27*z**2 - 607*z - 283. Determine w(-22).
3
Let n(w) = -w**3 + 77*w**2 - 72*w - 308. What is n(76)?
-4
Let k(x) = 2*x**3 + 58*x**2 + 48*x - 228. Calculate k(-28).
-4
Let g(c) = -c**2 + 299*c - 7339. What is g(27)?
5
Let c(w) = -w**2 - 24*w - 153. Give c(8).
-409
Let j(g) = g**3 - 14*g**2 - 2*g + 3. Give j(14).
-25
Let n(h) = -h**3 - 21*h**2 + 15*h - 142. Determine n(-22).
12
Let m(l) = 4*l**2 + 7*l + 6. Determine m(-1).
3
Let x(g) = -g**3 + 5*g**2 + 3*g - 39. Determine x(4).
-11
Let z(h) = 4*h - 225. Give z(56).
-1
Let x(m) = 6*m**2 - 100*m - 96. Calculate x(18).
48
Let f(u) = 3230*u - 58148. Determine f(18).
-8
Let a(s) = -s**3 + 19*s**2 - 36*s + 64. What is a(17)?
30
Let u(j) = j**2 + 5*j - 90. Determine u(-16).
86
Let r(c) = -c**2 + 48*c + 2131. Give r(-28).
3
Let t(c) = -329*c - 10. What is t(-1)?
319
Let g(c) = 86*c**2 - 60*c + 119. Calculate g(2).
343
Let l(m) = m**2 + 235*m + 6319. Give l(-31).
-5
Let y(j) = 2*j**2 + 63*j + 145. Determine y(-3).
-26
Let o(b) = -21*b + 1639. Calculate o(78).
1
Let v(y) = 105*y - 2373. What is v(22)?
-63
Let l(s) = s**2 + 139*s + 519. Determine l(-4).
-21
Let p(s) = -1398*s - 55910. Give p(-40).
10
Let x(k) = -k**3 + 11*k**2 - 40*k + 91. Give x(7).
7
Let n(s) = -2*s**3 - 81*s**2 - 188*s + 84. Give n(-38).
8
Let k(a) = 48*a - 7. What is k(0)?
-7
Let s(c) = -c**3 + 13*c**2 - 5*c + 214. Determine s(14).
-52
Let m(o) = -o**3 - 3*o**2 - 393*o - 2020. Determine m(-5).
-5
Let k(o) = 4*o**2 - 118*o - 94. Give k(31).
92
Let m(f) = 2*f**2 + 31*f + 127. Give m(-11).
28
Let j(u) = -u**3 + 7*u**2 - 5*u + 27. Calculate j(7).
-8
Let h(z) = -2*z**2 + 94*z - 1116. Calculate h(28).
-52
Let c(o) = 2*o**2 + 97*o + 120. What is c(-46)?
-110
Let u(c) = -39*c**2 + 148*c + 431. Give u(6).
-85
Let i(h) = 162*h**2 + 9073*h + 65. What is i(-56)?
9
Let w(c) = -16*c - 85. Calculate w(-11).
91
Let a(f) = f**2 - 21*f - 14. Give a(-3).
58
Let s(l) = l**3 - 7*l**2 - l - 1. Give s(0).
-1
Let b(z) = 2*z**3 - 8*z**2 + 3*z - 106. What is b(5)?
-41
Let l(t) = -322*t + 5143. Give l(16).
-9
Let y(k) = 2*k**3 + 17*k**2 - 17*k - 79. Determine y(-9).
-7
Let n(h) = h**2 + 4*h - 180. Determine n(-17).
41
Let j(n) = 14*n + 51. What is j(-10)?
-89
Let y(a) = 2*a**3 + 12*a**2 + 13*a + 17. What is y(-5)?
2
Let j(k) = k**2 - 2*k - 4. Determine j(-5).
31
Let t(d) = d**3 + 22*d**2 + 69*d - 61. Determine t(-18).
-7
Let i(d) = 290*d + 580. Determine i(-2).
0
Let k(p) = 45*p - 1231. What is k(26)?
-61
Let x(h) = 12*h**2 + 63*h + 61. What is x(-1)?
10
Let t(o) = -o**3 - 69*o**2 - 263*o + 5. Determine t(-65).
200
Let g(k) = -342*k + 60192. Give g(176).
0
Let x(q) = 47*q - 553. Calculate x(11).
-36
Let u(q) = 4*q**2 - 124*q + 436. Give u(30).
316
Let q(i) = 4812*i - 24039. Calculate q(5).
21
Let t(u) = -2514*u - 5036. Calculate t(-2).
-8
Let z(k) = -750*k - 14999. Calculate z(-20).
1
Let u(h) = -100*h + 471. Determine u(5).
-29
Let i(j) = -9*j**2 - 164*j - 321. Give i(-16).
-1
Let i(m) = m**3 + 16*m**2 + 35*m + 13. Give i(-5).
113
Let f(k) = 2*k**3 - 38*k**2 + 5*k - 902. What is f(20)?
-2
Let f(t) = 69*t - 748. Calculate f(11).
11
Let o(b) = 343*b**2 - 2423*b + 161. Calculate o(7).
7
Let c(k) = 2117*k + 59284. What is c(-28)?
8
Let i(d) = -2*d**3 + 15*d**2 - 65*d + 612. Calculate i(10).
-538
Let d(h) = h**2 + 160*h + 1485. Give d(-10).
-15
Let j(k) = 14*k + 12. What is j(4)?
68
Let s(b) = -14*b**2 + 60*b - 22. Give s(4).
-6
Let y(s) = -45*s + 32. Give y(3).
-103
Let a(c) = -7*c - 9